21. Is u(2) composite?
True
Suppose 8*z + 0*z = 144. Is z/30 + 5046/15 composite?
False
Suppose 3*b - 2*b = 0. Let x be 4 + -6 - (b + -1). Is (-880)/(-15) + x/(-3) composite?
False
Let t(m) = 5 - 4*m + 7*m**2 + 2*m + 4*m. Is t(-4) prime?
True
Suppose -4*i - 12 = -4*t - 6*i, -4*t + 4*i = 0. Suppose r - t*m + 63 = -64, -278 = 2*r + 2*m. Let a = r - -298. Is a a prime number?
True
Suppose 0 = -4*r + 7535 - 699. Is r a composite number?
False
Suppose 2*w + 3943 = 5*f, -4*w = -f + 231 + 572. Is f composite?
False
Let k be (-28)/18*-6*3417/(-134). Let u be (-2)/(-5) - 347/5. Let l = u - k. Is l prime?
False
Is 11887 + -5 - 4 - -1 a composite number?
True
Let x(d) be the first derivative of -5*d**4 - d**3 - d**2 - 4*d + 15. Let u = -3 + 0. Is x(u) a composite number?
True
Let m be 0 - 1/((-1)/3). Suppose m*d - 4*v = 980, v = -4*d - 714 + 1989. Let h = d - -89. Is h composite?
False
Is (-2)/(12/19534)*-3 composite?
False
Let k be 10*(-12 - (-6 - -3)). Let r be k/6 - 6/(-2). Let n(b) = -3*b + 1. Is n(r) a composite number?
False
Let h(w) = 359*w**2 - 26*w - 2. Is h(3) a prime number?
False
Let u(w) be the first derivative of -w**4/4 - 5*w**3/3 - w**2/2 + 3*w + 11. Let o be u(-4). Let t(z) = z**3 + 9*z**2 - 7*z + 4. Is t(o) a composite number?
False
Let y = 15 - -33. Let f be 129*4/(y/4). Let z = 78 - f. Is z composite?
True
Is (291 - -6 - -10)/(4/4) composite?
False
Is (-5032)/(-6) - (-5)/(-30)*-2 prime?
True
Let c(o) = 20*o - 39. Let a be 19 - (-3)/(9/(-6)). Is c(a) a prime number?
False
Let a(s) = -338*s + 1. Let p be a(-2). Let q = p + -472. Is q a composite number?
True
Let i(h) = 49*h + 7. Let o(j) = j - 1. Let r(s) = -i(s) + 28*o(s). Is r(-14) composite?
True
Let r(l) = -2002*l**3 + 2*l + 3. Let z be r(-1). Suppose 7*y - 3555 = z. Is y composite?
True
Let i = -49 - -101. Let t = i + -16. Let p = t - 1. Is p composite?
True
Let b be 3 + 0 - 16/(-8). Suppose 3*l - p - 504 = -4*p, 3*l + b*p - 494 = 0. Is (8 - 18)*l/(-2) prime?
False
Suppose 0 = 4*t + 3 + 21. Let u be t/21 + 216/21. Suppose 5*r - 5*p - 465 = 0, -r - 3*p + 119 - u = 0. Is r a composite number?
False
Let w(x) = 17*x**2 - 7*x + 13. Let c be w(8). Suppose 5*s + 50 - c = 0. Is s a composite number?
False
Let w(z) = -3*z - 2 - z**2 + 2*z**2 + 4. Let f be w(3). Suppose 5*m - 130 = -5*u, 5*u = -3*m - f + 122. Is u prime?
False
Let m(s) = 131*s - 70. Let u be m(15). Suppose -11*a + u = -6*a. Is a composite?
False
Let r be -2 - 970/4*-2. Suppose -i + 4*i = r. Let b = i - -212. Is b a prime number?
True
Is 347800/56 - ((-160)/(-28) - 6) a prime number?
True
Suppose -204 = -3*s + 837. Let r(f) = -f**2 + 3*f - 2. Let t be r(2). Suppose -x = -2*u - 422 - s, t = -2*x - 2*u + 1520. Is x a prime number?
False
Let d = -7 - -17. Let z be 2644/10 + 6/d. Is (z/10)/((-1)/(-6)) a prime number?
False
Let t be 0/(-18) - -1*3. Suppose -4919 = -3*l - 4*h, 2*h + 4367 + 540 = t*l. Is l prime?
True
Is (-164134)/(-30) - (-218)/(-1635) a prime number?
True
Let a be (-66)/10 + ((-6)/15 - -1). Let q(l) = 63*l**2 - 9*l + 11. Is q(a) prime?
True
Let p = 292 + -92. Suppose s - p = 11. Is s a composite number?
False
Let m(y) = y**2 + 15*y + 18. Let c be m(-18). Let n = 453 - c. Is n a composite number?
True
Let j be 0/((-2)/6*-3). Suppose 2*i + j*y = 3*y + 318, y + 159 = i. Is (-2)/(-6)*i*2 composite?
True
Suppose 3*w + 3 = -6, 3*r - 5*w - 68430 = 0. Is r prime?
False
Let z(t) = 22*t + 3. Suppose 3*s - 4*k + 35 = 0, 4*s + 29 + 9 = k. Let o = 14 + s. Is z(o) a prime number?
True
Suppose -5*j - 2*i + 5 = -8*j, i + 14 = -4*j. Let c(b) = -4*b**2 + 4*b - 7. Let r(x) = -x**2 - x + 2. Let w(f) = -c(f) - 3*r(f). Is w(j) a composite number?
False
Let y = -4 + 225. Suppose 4*t - 1033 + y = 0. Is t prime?
False
Let x be ((-16)/(-10))/((-8)/40). Is (-2 - -399)*(-8)/x a prime number?
True
Let i(a) = a**2 - a - 2. Let l be i(-2). Let z(p) = -12*p**2 - 2*p + 9. Let o(v) = -12*v**2 - 2*v + 9. Let t(y) = 4*o(y) - 5*z(y). Is t(l) composite?
False
Let m(a) = 82*a**2 - 26*a + 531. Is m(13) a composite number?
False
Let c be (20/6)/((-6)/9). Let o(g) = -2*g**3 + 6*g**2 - g - 3. Let s be o(c). Suppose -5*v + s = 67. Is v composite?
False
Let z be 300/(-16) - ((-52)/(-16) + -4). Suppose 3*d + 502 = 2*d. Is (d/5)/(z/45) a prime number?
True
Suppose 0 = w - 8 + 3. Suppose 0 = -w*l + 1275 + 260. Is l a prime number?
True
Is (-7102 - 1)/((-6)/(1 - -5)) a prime number?
True
Suppose -3*u + 2 + 7 = 0. Suppose -u*w = -91 - 188. Is w a composite number?
True
Let g(t) = 16*t**2 + 2*t + 83. Is g(-9) prime?
True
Suppose -15*i + 129 = -12*i. Suppose -g + i + 260 = 0. Is g a composite number?
True
Let z = 5915 + -4152. Let x = z - -1158. Is x prime?
False
Let l(p) = 23*p + 2. Let c(y) = 8*y - 1. Suppose 1 = -2*q + 4*n - 1, 0 = 5*q - 4*n - 1. Let b be c(q). Is l(b) a composite number?
False
Suppose 2*x + 5158 = 604. Let j = x + 3230. Is j prime?
True
Let h(o) = -o**2 - 11*o + 1. Let m(b) = -b**3 - b**2 - 1. Let k be m(-2). Suppose d = k*d + 12. Is h(d) prime?
True
Suppose -6*p = b - p - 21313, -5*b = 2*p - 106565. Is b a prime number?
True
Let f(p) be the second derivative of 1319*p**4/12 + p**3/3 - p**2 + 5*p. Is f(1) prime?
True
Suppose -i - 10 = -6*i. Suppose -5*h + 0 = -5, -2*j - i*h = -6. Suppose d = -2*u + 98 - 3, 3*u = j*d - 155. Is d a prime number?
False
Let p(w) = -2*w**2 - 21*w + 165. Is p(5) prime?
False
Let c be 3/(1/(-15)*80/(-48)). Suppose 5*f + c - 662 = 0. Is f a prime number?
True
Let h = 10540 - 6703. Is h prime?
False
Let a be (-100)/(-15)*(-6)/5. Let s(k) = k**3 + 11*k**2 - 4*k - 3. Is s(a) a prime number?
False
Is 92/23*2819/4 a prime number?
True
Let a = -15162 - -28453. Is a composite?
False
Let k(j) = -j**3 - j + 21. Suppose -4*h = 4*s + 12, -4*h + 2*s + 0 = -18. Let m be 0*(h + -3)*1. Is k(m) prime?
False
Let j(p) = -p**3 - 2*p**2 + 5*p - 3. Let a be j(-4). Let q(h) = 23*h**2 + 2*h + 1. Let i be q(-1). Let d = a + i. Is d a prime number?
True
Suppose -3*a - 8005 = -2*z + 3909, -2*z - 3*a = -11890. Is z composite?
True
Suppose 2*q - 2*w - w = 1, 3*w + 7 = 5*q. Suppose b = q*b. Suppose -187 = -b*j - j. Is j a composite number?
True
Let o(q) = -1469*q - 35. Is o(-6) prime?
True
Suppose -1169 = -2*c + 8989. Is c prime?
False
Let w = 50428 + -16899. Is w a prime number?
True
Let t = 17 + -6. Suppose 5*w + 5*f = -1 + 41, -f + t = 2*w. Suppose -w*m + 180 = -3*r, 0 = -2*m - m - 4*r + 194. Is m composite?
True
Suppose 3*w - 22889 = -5*c, 10*c = -w + 11*c + 7635. Is w a composite number?
True
Let g(v) = v**3 + v + 6. Let q be g(-3). Is 2/((-20342)/(-13556) + 36/q) prime?
True
Let k(m) = m**3 + 2*m**2 - 4*m - 4. Let o be k(-2). Suppose -4*f + 6*q - o*q = -652, -3*f = q - 479. Is f prime?
False
Suppose 0 = -2*y - 4*u + 1568, -5*y - 3*u - 1136 = -5063. Let r = y + -307. Is r prime?
True
Let b = 3225 + -2302. Is b composite?
True
Is ((-13)/(-78))/(1/2514) prime?
True
Let h(u) = -2*u**3 + 9*u**2 - u + 3. Let l be h(4). Suppose 0 = -9*y + 4*y + l. Suppose 0 = 2*o - y*o + 21. Is o a prime number?
False
Let s(a) = 48*a**2 + 7*a - 7. Let g be s(4). Let r = g + -127. Is r a composite number?
True
Let d(r) be the first derivative of r**2 - 11*r - 3. Let t be d(8). Suppose t*i + 241 = 3*s, 8 + 0 = -4*i. Is s prime?
False
Let d(z) be the second derivative of -z**5/20 + 4*z**4/3 + z**3/2 - 31*z**2/2 - 58*z. Is d(15) composite?
False
Let j = 15886 + 22627. Is j prime?
False
Let l(n) = n + 21. Let c be l(-7). Is (2/(-3) + c/14)*2517 prime?
True
Let b = -292 - -422. Let n = 6 + 0. Suppose k - n*k = -b. Is k composite?
True
Let g(m) = 3842*m - 391. Let t(l) = -167*l + 17. Let q(f) = 3*g(f) + 68*t(f). Is q(3) a composite number?
True
Suppose w + w = -8, -28 = 3*l + 4*w. Let t = l + 9. Let h(j) = 8*j**2 - 5*j + 4. Is h(t) prime?
True
Suppose -258*x + 10 = -253*x. Suppose 0*d = 4*d - 20. Suppose 80 = -2*w - d*b + 831, -x*b + 1867 = 5*w. Is w prime?
True
Suppose -a - w = -16, -a + 15 + 19 = -5*w. Suppose -19931 = -0*g - a*g. Is g a prime number?
True
Let g be (11 - 11)/(-3 + 7). Let y = -1 - -1. Suppose g = -y*m - 2*m + 406. Is m prime?
False
Is 8/(-24) + (-194180)/(-15) + -4 prime?
True
Suppose 7*o - 10859 - 4086 = 0. Suppose 2*z + 321 - o = 4*n, z + n - 907 = 0. Is z composite?
False
Suppose 4*u = -g + 1783 + 69, -4*u - 4 = 0. Let s = -1105 + g. Let l = s -